actor of 165 and l?
15
Suppose -11*z + 1410 + 1098 = 0. What is the greatest common factor of z and 156?
12
Let i(x) = x**3 + 6*x**2 - x - 15. Let f be i(-5). Let w = f - 11. Calculate the greatest common divisor of w and 20.
4
Let p = 27 + -25. Let x be 1/(p*1/6). Suppose -3*r + 126 = x*r. What is the highest common divisor of 21 and r?
21
Let k be -3 + (-57)/((-6)/2). Suppose 0 = 6*z - z - 10. Calculate the greatest common divisor of z and k.
2
Let t(n) = -n + 1. Let o be t(-5). Suppose 3*h - 14 = 4*w, o*w + h = 2*w - 22. Let m be ((-30)/8)/w*48. Calculate the greatest common factor of m and 54.
18
Suppose -52 - 78 = 13*m. Let s(k) = -k + 23. Let b be s(m). Calculate the greatest common factor of 11 and b.
11
Let p = -70 - -95. Let s be -9*3/(-5) - 4/10. What is the greatest common divisor of p and s?
5
Let q = -516 - -559. Suppose -4*x + 391 = 4*f - 121, 3*x - 3*f - 390 = 0. Calculate the highest common factor of x and q.
43
Let f be (4/14)/((-4)/(-28)). Let s(n) = 4*n + 1. Suppose 1 = 3*j - 2*j. Let g be s(j). Calculate the greatest common factor of f and g.
1
Let z = -69 + 91. Suppose -5*f - 12 - 83 = -2*g, 3*g = -4*f + 177. Calculate the greatest common factor of z and g.
11
Let r(s) = -s**3 - s**2 + 2*s + 1. Let z be r(-2). Suppose -3*p - z = -13. Let c be ((-10)/6)/(p/(-12)). Calculate the highest common factor of c and 45.
5
Suppose i + 21 = 3*p, 4*i = 3*p - 18 - 3. Calculate the greatest common divisor of p and 154.
7
Let v = -26 - -14. Let u = 13 + v. Suppose 2 + u = d. What is the greatest common divisor of d and 21?
3
Let q be (-4 + 0 - -2) + 4. Let y = q + 14. Suppose -p - 64 = -3*p. Calculate the greatest common factor of p and y.
16
Suppose 0 = 130*o - 194*o + 23360. What is the highest common divisor of 292 and o?
73
Let y be 6 + (2/(-18) - (-73)/9). Calculate the highest common divisor of 70 and y.
14
Let r(q) = -q**2 + 15*q - 10. Let p = -8 + 18. Let b be r(p). Let f = 82 - 74. Calculate the greatest common factor of b and f.
8
Let r = 84 - 12. Suppose 19 = 11*h - 69. What is the highest common factor of h and r?
8
Let f = 290 - 248. Calculate the greatest common factor of f and 882.
42
Let n(f) = 13*f - 25. Let r(v) = v**2 + 8*v + 17. Let s be r(-6). Let i be n(s). What is the highest common divisor of 100 and i?
20
Let g(n) = 2*n**2 + 5*n + 2. Let t be g(-3). Let q(y) = 2 + 11 + 2 - t - y. Let p be q(5). Calculate the highest common divisor of 5 and p.
5
Suppose 4*f = -5*f + 36. Suppose -3 + 15 = f*w, 4*a - 67 = -w. What is the highest common factor of 64 and a?
16
Let l(s) = 6*s + 8. Let b be l(-4). Let u = b + 22. Suppose -u*j + 3*j + 600 = 0. Calculate the highest common divisor of j and 25.
25
Suppose -22*k - 15*k + 2664 = 0. Let r = 31 - 13. What is the greatest common divisor of k and r?
18
Let d(j) = -3*j**3 + j**2 + 1378. Let p be d(0). Calculate the highest common factor of p and 52.
26
Suppose 18*i = 1895 - 545. Suppose j + 20 = 70. Calculate the highest common divisor of j and i.
25
Let w = -1180 - -1194. What is the greatest common factor of w and 8?
2
Let w(l) = l**2 - l. Let u be w(3). Suppose 3*m + 3 = -u. Let z be 17 + 5/((-5)/m). Calculate the greatest common factor of 50 and z.
10
Let v(l) = 22*l + 6. Let z be v(7). Let d be 12/((-216)/45)*-8. Calculate the greatest common divisor of d and z.
20
Let d = -2 + 1. Let r = d + 10. Suppose 195*t - 207*t = -756. Calculate the highest common divisor of t and r.
9
Suppose -3*i = -5*o - 3227, 3*i - 8*o = -9*o + 3239. Calculate the highest common divisor of i and 83.
83
Let s(u) = -3*u**3 - 3*u**2 - 14*u - 6. Let m be s(-3). Calculate the greatest common divisor of m and 18.
18
Suppose g = 3, 0*j - g = j - 17. Suppose -111*q + 46*q = -3640. What is the highest common divisor of q and j?
14
Let z be (3 + 1)/(-16) - (-1981)/4. Calculate the greatest common factor of z and 15.
15
Suppose 27*t - 35 = 22*t. Suppose 3*v + 324 = 2*g + 3*g, 0 = g + 3*v - 54. What is the highest common divisor of g and t?
7
Suppose 5*n - 5*b - 8 = 3*n, 4*b = -3*n + 58. Suppose 4 - n = -l. What is the greatest common divisor of l and 70?
10
Let s = 93 - -114. What is the highest common factor of s and 9?
9
Let a(i) = -2*i**2 + 12*i + 5. Let l be a(6). Suppose l*y + 3*h = 51, -y - 4*h - 72 = -6*y. What is the highest common factor of 108 and y?
12
Let d be 39*50/(-20)*4/(-6). Calculate the highest common divisor of 52 and d.
13
Suppose 314 - 5018 = -8*s. What is the highest common divisor of 245 and s?
49
Suppose m + 173 = y, -y - 2*m + 76 = -82. Calculate the greatest common divisor of y and 156.
12
Suppose 2*u - 4*l - 116 = 0, u - 4*l = -3*l + 53. What is the highest common factor of u and 3?
3
Suppose -4*u - 2 - 10 = 0. Let o be 319/6 + u/18. Let i = -31 + o. What is the highest common factor of 11 and i?
11
Let m be (-5 - 5 - 5)*(-162)/10. Calculate the greatest common divisor of m and 108.
27
Let k(m) = m**2 - 13*m + 25. Let w be (-3)/(-12) + (-35)/(-4) - -3. Let s be k(w). What is the greatest common factor of 13 and s?
13
Suppose -18*p + 17*p - 21 = 0. Let y = 26 + p. Suppose -5*t = -5, s - 11 - y = 4*t. What is the greatest common divisor of s and 10?
10
Let d(y) = y**3 + 26*y**2 + 26*y - 3. Let i be d(-24). Suppose i = -2*a + 7*a. Calculate the highest common factor of 15 and a.
15
Let x(n) = n**3 + 7*n**2 + 4*n - 1. Let q be x(-3). Let o(t) = 15*t + 122. Let r be o(-2). What is the greatest common factor of r and q?
23
Let x(u) = 8*u + 25. Let w be x(0). Let q = 17 + 8. What is the greatest common divisor of q and w?
25
Let l = -10 + 37. Suppose 2*o = g + 156, 22*o - 20*o - 168 = -g. Calculate the greatest common divisor of o and l.
27
Let z be (((-50)/(-8))/5)/(15/120). Suppose 6*d = d + 5. Suppose 4*b + d = -4*c + 5, -4*b + 4 = c. Calculate the highest common factor of b and z.
1
Let y be 4/(-2 + 12/5). Suppose 2*o - 30 = y. What is the greatest common divisor of 5 and o?
5
Let i = -156 + 205. What is the greatest common divisor of 1519 and i?
49
Suppose -20*a + a = -266. What is the greatest common divisor of a and 126?
14
Let j = -33 - -43. What is the highest common factor of j and 170?
10
Suppose -92 = -5*y - 2. Let o be -2 + -6*16/12. Let c = y + o. What is the highest common divisor of c and 4?
4
Suppose -596 + 20 = -6*y. Calculate the highest common divisor of 48 and y.
48
Let a(l) = l**3 - 5*l**2 - 5*l - 3. Let z be a(6). Suppose -5*g + 721 = -v + 5*v, -507 = -z*v + 3*g. What is the greatest common divisor of 58 and v?
58
Let r(p) = -17*p + 3. Let u be r(3). Let n = u - -88. Calculate the highest common factor of 10 and n.
10
Let k(m) = -m**3 - 21*m**2 + 48*m + 47. Let g be k(-23). What is the highest common factor of g and 79?
1
Let c = 704 - 564. Calculate the highest common factor of c and 35.
35
Let d = -12 + 20. Suppose 3*p = d*p - 160. Calculate the highest common divisor of p and 48.
16
Let s be 8/(-1 + -1) - 29. Let t = s - -23. Let i be (-1646)/t + (-4)/(-10). What is the highest common divisor of 15 and i?
15
Let r be (-4)/(-12) - (-1564)/6. Let m be 8/10*42/24*-10. Let h(d) = 2*d + 57. Let c be h(m). Calculate the highest common divisor of c and r.
29
Suppose -7*f + 13*f - 18 = 0. Suppose 5*w + f*t - 5*t - 103 = 0, 20 = -5*t. What is the highest common divisor of w and 190?
19
Suppose -42*i + 28028 = -20*i. Calculate the highest common factor of i and 26.
26
Let a be 50/15*3/(-2). Let t(q) = 8*q - 16. Let z(v) = -7*v + 15. Let d(y) = a*z(y) - 4*t(y). Let s be d(9). Calculate the greatest common divisor of s and 8.
8
Suppose -2*j = 4*q - 116, j - 265 = -4*j - 5*q. Let p(g) = g**3 + 4*g**2 - g + 8. Let b be p(-4). What is the greatest common factor of j and b?
12
Let m be 9544/56 + (-4)/(-7). Calculate the highest common factor of m and 133.
19
Let t(s) = 7*s - 75. Let x be t(15). Calculate the greatest common divisor of x and 80.
10
Let a(x) = -x**2 - 10*x + 97. Let g be a(6). Let l be 8 - 1/(-1)*1. Calculate the greatest common divisor of g and l.
1
Let l = -389 + 411. Calculate the greatest common factor of 1166 and l.
22
Let c(t) = 8*t + 4. Let y be c(2). Let s = 2 + -7. Let r be 6/s*(-10)/3. Calculate the highest common divisor of y and r.
4
Let l(r) = r**2 + 19*r + 9. Let z be l(-19). Let n be 40/12 + (-12)/z. Let q = 4 + n. Calculate the highest common